{"id":56,"date":"2012-06-21T18:29:21","date_gmt":"2012-06-21T16:29:21","guid":{"rendered":"http:\/\/www.schamti.de\/?page_id=56"},"modified":"2013-04-02T20:50:18","modified_gmt":"2013-04-02T18:50:18","slug":"fotografieren","status":"publish","type":"page","link":"https:\/\/www.schamti.de\/?page_id=56","title":{"rendered":"Fotografieren"},"content":{"rendered":"<p>Einen sehr gro\u00dfen Teil dieser Website werden die Bilder einnehmen. Das ist so gewollt, denn mit Bildern kann man am meisten ausdr\u00fccken, und auch der Familie und den Freunden am meisten mitteilen und berichten, was ja der Hauptzweck dieser Seite ist.<\/p>\n<p>Wir fotografieren sehr gerne und eigentlich alles was bei drei nicht auf den B\u00e4umen ist. Und wenns oben ist, na dann wird&#8217;s halt auf &#8218;m Baum Fotografiert. Menschen, Tiere, Landschaften, Geb\u00e4ude. Sch\u00f6nes, sinnvolles, sinnloses, lustiges.<\/p>\n<p>Was wir bei unseren Bildern versuchen ist neue Wege zu gehen, den Menschen oder aber auch Tiere in neuen zum Teil ungewohnten Umgebungen oder Positionen zu zeigen. Auch dazu gibt es in der Galerie Beispiele. Und f\u00fcr neue Ideen sind wir immer offen, nur her damit.<\/p>\n<p>Die Galerien unserer Models zeigen nur einen sehr kleinen Ausschnitt aller gemachter Aufnahmen. Wir haben hier bewu\u00dft darauf verzichtet so sehr viel Haut zu zeigen. Dazu gibt es andere Seiten genug. Eine Fotosession dauert ungef\u00e4hr 3-4 Stunden, je nach Art und Umfang. Von Portrait \u00fcber Halbakt bis Akt, alleine, als P\u00e4rchen oder ne ganze Gruppe.<\/p>\n<p>Willst Du selber mal vor unserer Linse stehen? Auch das ist kein Problem, einfache Kontaktaufnahme per Mail gen\u00fcgt und wir kommen ins Gespr\u00e4ch. (mayc@schamti.de)<\/p>\nngg_shortcode_0_placeholder\n","protected":false},"excerpt":{"rendered":"<p>Einen sehr gro\u00dfen Teil dieser Website werden die Bilder einnehmen. Das ist so gewollt, denn mit Bildern kann man am meisten ausdr\u00fccken, und auch der Familie und den Freunden am meisten mitteilen und berichten, was ja der Hauptzweck dieser Seite ist. Wir fotografieren sehr gerne und eigentlich alles was bei drei nicht auf den B\u00e4umen [&hellip;]<\/p>\n","protected":false},"author":2,"featured_media":0,"parent":0,"menu_order":5,"comment_status":"open","ping_status":"open","template":"","meta":{"ngg_post_thumbnail":0,"footnotes":""},"class_list":["post-56","page","type-page","status-publish","hentry"],"_links":{"self":[{"href":"https:\/\/www.schamti.de\/index.php?rest_route=\/wp\/v2\/pages\/56","targetHints":{"allow":["GET"]}}],"collection":[{"href":"https:\/\/www.schamti.de\/index.php?rest_route=\/wp\/v2\/pages"}],"about":[{"href":"https:\/\/www.schamti.de\/index.php?rest_route=\/wp\/v2\/types\/page"}],"author":[{"embeddable":true,"href":"https:\/\/www.schamti.de\/index.php?rest_route=\/wp\/v2\/users\/2"}],"replies":[{"embeddable":true,"href":"https:\/\/www.schamti.de\/index.php?rest_route=%2Fwp%2Fv2%2Fcomments&post=56"}],"version-history":[{"count":9,"href":"https:\/\/www.schamti.de\/index.php?rest_route=\/wp\/v2\/pages\/56\/revisions"}],"predecessor-version":[{"id":69,"href":"https:\/\/www.schamti.de\/index.php?rest_route=\/wp\/v2\/pages\/56\/revisions\/69"}],"wp:attachment":[{"href":"https:\/\/www.schamti.de\/index.php?rest_route=%2Fwp%2Fv2%2Fmedia&parent=56"}],"curies":[{"name":"wp","href":"https:\/\/api.w.org\/{rel}","templated":true}]}}