{"id":47,"date":"2012-06-21T20:33:49","date_gmt":"2012-06-21T18:33:49","guid":{"rendered":"http:\/\/www.schamti.de\/?page_id=47"},"modified":"2012-08-02T22:40:38","modified_gmt":"2012-08-02T20:40:38","slug":"michel","status":"publish","type":"page","link":"https:\/\/www.schamti.de\/?page_id=47","title":{"rendered":"Michel"},"content":{"rendered":"<p>Aha, Du willst also was \u00fcber mich in Erfahrung bringen? Na dann la\u00df mich mal von vorne anfangen.<\/p>\n<p>Da ich nicht aus meiner damaligen kuschelig warmen Einraumwohnung ausziehen wollte wurde mir mit einiger Verz\u00f6gerung im Herbst 1980 fristlos der Mietvertrag gek\u00fcndigt und ich wurde auch sofort rausgeschmissen. Gerade noch rechtzeitig wie sich rausstellen sollte.<\/p>\n<p>Nachdem ich mich von diesem Schock erholt hatte konnte ich mich den wirklich wichtigen Dingen des Lebens widmen. Meine Br\u00fcder \u00e4rgern, und meine Eltern in die Verzweiflung treiben. Da dieses aber auch recht schnell langweilig wurde habe ich mich wieder um mich gek\u00fcmmert.<\/p>\n<p>Nach einigen Ausfl\u00fcgen in diverse Krankenh\u00e4user dieser Region, welche teilweise recht lange dauern sollten, woran die Fahrk\u00fcnste meines damaligen Fahrers nicht unschuldig waren, fand ich mich nach weiteren Wirrungen des Liebeslebens hier wieder wo ich heute bin.<\/p>\n<p>Das ich heute hier sein kann ist auch verdienst meiner Schutzengel, die wohl einige male \u00dcberstunden schieben mussten. Ob das wohl der Grund f\u00fcr die Gr\u00fcndung der Gewerkschaft der Schutzengel war?<\/p>\n<p>Entscheiden konnte ich mich noch nie so recht (typisch Waage eben), und so ist es dann auch die Entscheidung meines Mannes gewesen das wir hier unseren gemeinsamen Auftritt haben.<\/p>\n<p>Da meine Vergangenheit gezeigt hat das ich mit schnellen Maschinen nicht umgehen kann habe ich mich zum Leidwesen meines Mannes gegen ein Motorrad entschieden, was mir wiederum viel Zeit verschafft wenn selbiger mit seinem durch die Gegend d\u00fcst. Diese Zeit verbringe ich oft mit Spielekonsolen verschiedenster Art, oder meinem zweiten gro\u00dfen Hobby, dem Kaffeeklatsch mit Freunden.<\/p>\nngg_shortcode_0_placeholder\n","protected":false},"excerpt":{"rendered":"<p>Aha, Du willst also was \u00fcber mich in Erfahrung bringen? Na dann la\u00df mich mal von vorne anfangen. Da ich nicht aus meiner damaligen kuschelig warmen Einraumwohnung ausziehen wollte wurde mir mit einiger Verz\u00f6gerung im Herbst 1980 fristlos der Mietvertrag gek\u00fcndigt und ich wurde auch sofort rausgeschmissen. Gerade noch rechtzeitig wie sich rausstellen sollte. Nachdem [&hellip;]<\/p>\n","protected":false},"author":2,"featured_media":0,"parent":0,"menu_order":2,"comment_status":"open","ping_status":"open","template":"","meta":{"ngg_post_thumbnail":0,"footnotes":""},"class_list":["post-47","page","type-page","status-publish","hentry"],"_links":{"self":[{"href":"https:\/\/www.schamti.de\/index.php?rest_route=\/wp\/v2\/pages\/47","targetHints":{"allow":["GET"]}}],"collection":[{"href":"https:\/\/www.schamti.de\/index.php?rest_route=\/wp\/v2\/pages"}],"about":[{"href":"https:\/\/www.schamti.de\/index.php?rest_route=\/wp\/v2\/types\/page"}],"author":[{"embeddable":true,"href":"https:\/\/www.schamti.de\/index.php?rest_route=\/wp\/v2\/users\/2"}],"replies":[{"embeddable":true,"href":"https:\/\/www.schamti.de\/index.php?rest_route=%2Fwp%2Fv2%2Fcomments&post=47"}],"version-history":[{"count":9,"href":"https:\/\/www.schamti.de\/index.php?rest_route=\/wp\/v2\/pages\/47\/revisions"}],"predecessor-version":[{"id":114,"href":"https:\/\/www.schamti.de\/index.php?rest_route=\/wp\/v2\/pages\/47\/revisions\/114"}],"wp:attachment":[{"href":"https:\/\/www.schamti.de\/index.php?rest_route=%2Fwp%2Fv2%2Fmedia&parent=47"}],"curies":[{"name":"wp","href":"https:\/\/api.w.org\/{rel}","templated":true}]}}