{"id":17,"date":"2012-06-19T22:54:08","date_gmt":"2012-06-19T20:54:08","guid":{"rendered":"http:\/\/www.schamti.de\/?page_id=17"},"modified":"2012-06-21T18:32:48","modified_gmt":"2012-06-21T16:32:48","slug":"uber-uns","status":"publish","type":"page","link":"https:\/\/www.schamti.de\/?page_id=17","title":{"rendered":"\u00dcber uns"},"content":{"rendered":"<p>Wer sind wir? Eigentlich eine einfache Frage, aber bei genauer Betrachtung doch wieder nicht. Wer hat sich das nicht selber schon mal gefragt? Wer bin ich? Nun ja starten wir mal den Versuch einer Selbstbeschreibung.<\/p>\n<p>Wir leben als Paar nun schon seit 2010 zusammen. Mit allen \u00fcblichen H\u00f6hen und Tiefen die eine Partnerschaft so mit sich bringt. Pack verschl\u00e4gt sich, Pack vertr\u00e4gt sich wenn man so will. Im \u00fcbertragenen Sinne nat\u00fcrlich zu verstehen, denn geschlagen wird bei uns allen Falls die Sahne.<\/p>\n<p>Warum sind wir hier, und warum haben wir eine eigene Homepage? Nun ja, da wir an gnadenloser Selbst\u00fcbersch\u00e4tzung leiden und der Meinung sind das alle Welt von uns erfahren muss ist der erste Schritt zur Verwirklichung nun mal eine eigene Website. Und auf dieser seid ihr nun unterwegs.<\/p>\n<p>Aber mal ganz im Ernst. Unsere Familie, Freunde und Bekannten sind nahezu in der ganzen Bundesrepublik verteilt. Da st\u00e4ndig Kontakt zu halten f\u00e4llt schwer, also haben wir uns \u00fcberlegt das dies ein probater Weg ist so etwas zu realisieren. Immer mal wieder werden wir einen neuen Artikel posten und so unsere ganze Mannschaft auf dem laufenden halten. Neue Bilder gibt es dann auch zu sehen. Mehr zu den Bildern, wie sie entstehen, welcher Sinn dahinter steckt, auf der Seite &#8222;Fotografieren&#8220;.<\/p>\n<p>Mehr \u00fcber jeden einzelnen von uns f\u00fcr den, den es Interessiert unter unseren jeweiligen Namen.<\/p>\n","protected":false},"excerpt":{"rendered":"<p>Wer sind wir? Eigentlich eine einfache Frage, aber bei genauer Betrachtung doch wieder nicht. Wer hat sich das nicht selber schon mal gefragt? Wer bin ich? Nun ja starten wir mal den Versuch einer Selbstbeschreibung. Wir leben als Paar nun schon seit 2010 zusammen. Mit allen \u00fcblichen H\u00f6hen und Tiefen die eine Partnerschaft so mit [&hellip;]<\/p>\n","protected":false},"author":2,"featured_media":0,"parent":0,"menu_order":0,"comment_status":"open","ping_status":"open","template":"","meta":{"ngg_post_thumbnail":0,"footnotes":""},"class_list":["post-17","page","type-page","status-publish","hentry"],"_links":{"self":[{"href":"https:\/\/www.schamti.de\/index.php?rest_route=\/wp\/v2\/pages\/17","targetHints":{"allow":["GET"]}}],"collection":[{"href":"https:\/\/www.schamti.de\/index.php?rest_route=\/wp\/v2\/pages"}],"about":[{"href":"https:\/\/www.schamti.de\/index.php?rest_route=\/wp\/v2\/types\/page"}],"author":[{"embeddable":true,"href":"https:\/\/www.schamti.de\/index.php?rest_route=\/wp\/v2\/users\/2"}],"replies":[{"embeddable":true,"href":"https:\/\/www.schamti.de\/index.php?rest_route=%2Fwp%2Fv2%2Fcomments&post=17"}],"version-history":[{"count":14,"href":"https:\/\/www.schamti.de\/index.php?rest_route=\/wp\/v2\/pages\/17\/revisions"}],"predecessor-version":[{"id":64,"href":"https:\/\/www.schamti.de\/index.php?rest_route=\/wp\/v2\/pages\/17\/revisions\/64"}],"wp:attachment":[{"href":"https:\/\/www.schamti.de\/index.php?rest_route=%2Fwp%2Fv2%2Fmedia&parent=17"}],"curies":[{"name":"wp","href":"https:\/\/api.w.org\/{rel}","templated":true}]}}